{"id":164,"date":"2015-11-22T13:37:01","date_gmt":"2015-11-22T12:37:01","guid":{"rendered":"http:\/\/127.0.0.1\/wordpress\/?page_id=164"},"modified":"2020-03-13T11:37:23","modified_gmt":"2020-03-13T10:37:23","slug":"impressum","status":"publish","type":"page","link":"https:\/\/hotel-artner.at\/hotel\/de\/impressum\/","title":{"rendered":"Impressum"},"content":{"rendered":"<h2>MEDIENINHABER<\/h2>\n<p><strong>Gesch\u00e4ftsleitung\/Hotelierin<\/strong><br \/>\nSchwertf\u00fchrer Cornelia<\/p>\n<p><strong>Hotel Artner<\/strong><br \/>\nKaiser-Franz-Joseph-Ring 15<br \/>\n2500 Baden bei Wien<br \/>\n\u00d6sterreich \/ Austria<br \/>\n<strong>T<\/strong>: +43 0225 48445<br \/>\n<strong>F<\/strong>: +43 0225 48445 10<br \/>\n<strong>E<\/strong>: <a href=\"mailto:email@hotel-artner.at\">email@hotel-artner.at<\/a><\/p>\n<p><strong>UID-Nr<\/strong>: 61126123<\/p>\n<p><strong>Bankdaten \/ Zahlung per Vorauskasse<br \/>\n<\/strong>Sparkasse Baden Filiale Leesdorf<br \/>\n<strong>IBAN<\/strong>: AT38 2020 5002 0100 0858<br \/>\n<strong>BIC<\/strong>: SPBDAT21XXX<\/p>\n<p><strong>Gericht<br \/>\n<\/strong>Landesgericht Wiener Neustadt<\/p>\n<p><a href=\"https:\/\/firmen.wko.at\/Web\/DetailsKontakt.aspx?FirmaID=252b14c3-9d43-455d-873b-a66309fb68a8&amp;StandortID=0&amp;Suchbegriff=hotel+artner&amp;Page=1\" target=\"_blank\" rel=\"noopener noreferrer\">Mietglied der WK\u00d6 Fachgruppe Hotellerie<\/a><\/p>\n<p>Gewerbeordnung:<a href=\"https:\/\/www.ris.bka.gv.at\/\" target=\"_blank\" rel=\"noopener noreferrer\"> www.ris.bka.gv.at<\/a><\/p>\n<p>Bezirkshauptmannschaft Baden,<\/p>\n<p>Konzessionierter Betrieb<\/p>\n<p>Konzessionspr\u00fcfung abgelegt in \u00d6sterreich<\/p>\n<p><a href=\"https:\/\/hotel-artner.at\/hotel\/wp-content\/uploads\/2015\/11\/agbh.pdf\">Allgemeine Gesch\u00e4ftsbedingungen f\u00fcr die Hotellerie 2006 (PDF-Datei 45KB)<\/a><\/p>\n<h2>RECHTLICHES<\/h2>\n<p>Der Inhalt dieser Website ist urheberrechtlich gesch\u00fctzt. Die Bereitstellung von Inhalten und Bildmaterial dieser Website auf anderen Websites ist nur mit ausdr\u00fccklicher Genehmigung der Redaktion gestattet.<\/p>\n<p>Die auf der Website enthaltenen Angaben werden nach bestem Wissen erstellt und mit gro\u00dfer Sorgfalt auf Ihre Richtigkeit \u00fcberpr\u00fcft. Trotzdem sind inhaltliche und sachliche Fehler nicht vollst\u00e4ndig auszuschlie\u00dfen und die Angaben daher ohne Gew\u00e4hr. Dies gilt auch f\u00fcr alle Links zu externen Seiten, die auf unserer Website genannt werden.<\/p>\n<p>Trotz sorgf\u00e4ltiger inhaltlicher Kontrolle \u00fcbernehmen wir keine Haftung f\u00fcr die Inhalte externer Links. F\u00fcr den Inhalt der verlinkten Seiten sind ausschlie\u00dflich deren Betreiber verantwortlich.<\/p>\n","protected":false},"excerpt":{"rendered":"<p>MEDIENINHABER Gesch\u00e4ftsleitung\/Hotelierin Schwertf\u00fchrer Cornelia Hotel Artner Kaiser-Franz-Joseph-Ring 15 2500 Baden bei Wien \u00d6sterreich \/ Austria T: +43 0225 48445 F: +43 0225 48445 10 E: email@hotel-artner.at UID-Nr: 61126123 Bankdaten \/ Zahlung per Vorauskasse Sparkasse Baden Filiale Leesdorf IBAN: AT38 2020 5002 0100 0858 BIC: SPBDAT21XXX Gericht Landesgericht Wiener Neustadt Mietglied der WK\u00d6 Fachgruppe Hotellerie Gewerbeordnung: &hellip; <a href=\"https:\/\/hotel-artner.at\/hotel\/de\/impressum\/\" class=\"more-link\"><span class=\"screen-reader-text\">Impressum<\/span> weiterlesen <span class=\"meta-nav\">&rarr;<\/span><\/a><\/p>\n","protected":false},"author":1,"featured_media":0,"parent":0,"menu_order":0,"comment_status":"closed","ping_status":"closed","template":"","meta":{"footnotes":""},"class_list":["post-164","page","type-page","status-publish","hentry"],"_links":{"self":[{"href":"https:\/\/hotel-artner.at\/hotel\/wp-json\/wp\/v2\/pages\/164","targetHints":{"allow":["GET"]}}],"collection":[{"href":"https:\/\/hotel-artner.at\/hotel\/wp-json\/wp\/v2\/pages"}],"about":[{"href":"https:\/\/hotel-artner.at\/hotel\/wp-json\/wp\/v2\/types\/page"}],"author":[{"embeddable":true,"href":"https:\/\/hotel-artner.at\/hotel\/wp-json\/wp\/v2\/users\/1"}],"replies":[{"embeddable":true,"href":"https:\/\/hotel-artner.at\/hotel\/wp-json\/wp\/v2\/comments?post=164"}],"version-history":[{"count":10,"href":"https:\/\/hotel-artner.at\/hotel\/wp-json\/wp\/v2\/pages\/164\/revisions"}],"predecessor-version":[{"id":621,"href":"https:\/\/hotel-artner.at\/hotel\/wp-json\/wp\/v2\/pages\/164\/revisions\/621"}],"wp:attachment":[{"href":"https:\/\/hotel-artner.at\/hotel\/wp-json\/wp\/v2\/media?parent=164"}],"curies":[{"name":"wp","href":"https:\/\/api.w.org\/{rel}","templated":true}]}}